t the prime factors of g.
3, 17
Let t = 437 - 414. Let v(x) = 3*x**2 - 20*x + 28. What are the prime factors of v(t)?
3, 5, 7, 11
Suppose -2*a + 28167 = 2*a - 9789. What are the prime factors of a?
3, 3163
Let y(p) = p**2 - 14*p - 2. Let q be y(21). List the prime factors of 1 - 58/q*(-2610)/2.
523
Let h = 2138 + -1161. What are the prime factors of h?
977
Let o(t) = -t**3 - t**2 + 12*t + 11. Let y be o(-5). Suppose -70*m + y*m = -21907. List the prime factors of m.
1153
Let h = 30939 - -15186. List the prime factors of h.
3, 5, 41
What are the prime factors of 12/(-54) + 3636306/243?
2, 3, 29, 43
Let s(k) be the first derivative of 11*k**5/120 - 7*k**4/12 + 13*k**3 + 25. Let j(g) be the third derivative of s(g). List the prime factors of j(4).
2, 3, 5
Suppose d - 5*d - 2*n + 21850 = 0, 2*n + 6 = 0. Suppose 0 = -x - 5*a - 2724, -2*a - d = x + x. What are the prime factors of (-26)/91 - x/14?
3, 5, 13
What are the prime factors of ((-20)/25*3351)/(138/(-345))?
2, 3, 1117
Let v = 5157 - 3548. What are the prime factors of v?
1609
Let l = 1088 + -4022. Let w = 4916 + l. What are the prime factors of w?
2, 991
Suppose 0 = 5*z + 312 - 1502. Suppose 180 = -p - 3*p + 5*w, 3*w - z = 5*p. Let o = p + 61. List the prime factors of o.
11
Let q(a) = 23 + 23 - 24*a - 39 + 18. Let g be q(7). Let j = g + 213. List the prime factors of j.
2, 5, 7
Let x = -28 - -31. Suppose -485 = -x*c - 2*c. Suppose -3*b + c + 47 = 0. List the prime factors of b.
2, 3
Suppose -62146 = -38*p + 261082. What are the prime factors of p?
2, 4253
Let k(n) = 21*n**2 - 4*n - 3. Let r be k(-1). Suppose 2*s = -2*x + r, 3*x - 5*s + 0*s = 1. List the prime factors of (-5223)/(-21) + 2/x.
3, 83
Suppose -3*r = -15, -919*a = -923*a - 2*r + 150510. What are the prime factors of a?
5, 7, 43
Let l(i) = i**3 + 22*i**2 + 34*i + 51. Let d be l(-20). Let v = d + 688. What are the prime factors of v?
859
Let r(f) = -8*f**3 - 9*f**2 - 122*f - 3. What are the prime factors of r(-8)?
4493
Let l = 1713 + -750. Let m = 1386 - l. List the prime factors of m.
3, 47
Let v(w) = -w**2 + 28*w + 1089. Let g be v(0). Suppose q - 3*p - 1085 = 0, 11*p = q + 9*p - g. List the prime factors of q.
1097
Suppose 4*y + 2045*k - 25867 = 2050*k, y = 4*k + 6453. What are the prime factors of y?
6473
Suppose -5*q + 1482 = -2*x + 6*x, 9 = 3*x. Suppose -q = 7*b - 11312. What are the prime factors of b?
2, 787
Suppose -21 = 5*s + 4*i + 49, -31 = 2*s + i. List the prime factors of s/(-117) - 34/13*-3.
2
Let q = -238 + 81. What are the prime factors of 4/(-6) + q*(-10)/6?
3, 29
Let l(s) = -s**2 + 20*s + 22. Let g be l(13). Suppose -3*q + z = -468, -q + 2*z + 38 = -g. What are the prime factors of q?
157
Suppose -83*v + 16*v = -183954 - 1247702. What are the prime factors of v?
2, 2671
Let x(z) = 95*z**2 - 11*z + 78. Let v be x(6). Suppose 0 = c + 7*c - v. List the prime factors of c.
3, 11, 13
Suppose -5*n + 2740 = 5*i, 57*n = -5*i + 56*n + 2720. What are the prime factors of i?
3, 181
Suppose -360978 = 231*q - 265*q. List the prime factors of q.
3, 3539
List the prime factors of (8971/(-5))/((4 - -4)/(-40)).
8971
Suppose 78*r - 31726 = -22*r - 2626. What are the prime factors of r?
3, 97
Let l(k) = -k**2 - 5*k. Let b be l(-4). Let h be 1/(16 + -13 + 15/(-6)). Suppose -b*a - h*a = -624. List the prime factors of a.
2, 13
Let z(g) = g**3 + 26*g**2 - 58*g - 30. Suppose -13*w = -10*w + 81. List the prime factors of z(w).
3, 269
Let j(g) = -g**3 + 12*g**2 + 9*g + 2. Let l be j(9). Let c = -129 + l. Let u = -52 + c. List the prime factors of u.
5, 29
Let m(z) = 29*z**2 + 102*z - 1792. List the prime factors of m(20).
2, 1481
Let z(m) = 9*m**2 - 25*m + 7. Let c = 314 - 322. What are the prime factors of z(c)?
3, 29
Suppose 15*y - 18*y = -96. Suppose -2496 = 26*v - y*v. What are the prime factors of v?
2, 13
Let w = 50662 + -34451. List the prime factors of w.
13, 29, 43
Suppose -z - 4*o = -15, 0*z - 5*z + 9 = -2*o. Suppose 7 = -t - z*b, -5*t + 3*b - 6*b - 47 = 0. Let a = 19 - t. What are the prime factors of a?
29
Let f(y) = 136*y**2 + 66*y - 589. What are the prime factors of f(8)?
3, 43, 67
Let b = -771 + 7263. List the prime factors of b.
2, 3, 541
Let u(g) = 87*g**2 + 642*g - 3882. What are the prime factors of u(6)?
2, 3, 11, 47
Let a(c) = -5392*c - 2489. What are the prime factors of a(-4)?
19079
Suppose 5*s + 195*r - 197*r = 70405, 3*r = 4*s - 56331. What are the prime factors of s?
3, 13, 19
List the prime factors of 125/500 + (237562/24 - 1/(-3)).
19, 521
Let r be 649 - (-1)/(-6)*3*-6. Suppose 5*c - r = 128. What are the prime factors of c?
2, 3, 13
Let k be 106122/36 - 3/(-18). Suppose -k = -10*x - 168. What are the prime factors of x?
2, 139
Let f = -121 - -127. List the prime factors of (3 - 21/f)*1704/(-2).
2, 3, 71
Let a = -126 - 204. List the prime factors of a/(-12)*86/5.
11, 43
List the prime factors of 0 + 6/(-24) - 7/((-112)/20708).
2, 647
Let o = 276 - 269. Suppose 451 = -3*s + o*s + w, -449 = -4*s - 3*w. What are the prime factors of s?
113
Suppose 2*r + b = 18240, -24*r + 27357 = -21*r + 3*b. List the prime factors of r.
7, 1303
Let b = 5277 - 4905. List the prime factors of b.
2, 3, 31
Let h(b) = -187*b**3 + 4*b - 3. Let i = -3 - -4. Let n be h(i). List the prime factors of (-4 + 2)/2 - n.
5, 37
Suppose -4*d - 165 = -l - 4*l, 5*d + 86 = 3*l. Suppose -378 = 36*r - l*r. What are the prime factors of r?
2, 3, 7
List the prime factors of 4/(-6) + 10/12*8486.
3, 2357
Let a be (0 + -1)/4 + (-35)/20. Suppose 4*c + 0 - 20 = 0. What are the prime factors of c/(a + 7) - -102?
103
Suppose -132*g = -136*g + 20. Suppose 1561 = 5*s - 4*s - g*c, 6359 = 4*s + 3*c. List the prime factors of s.
2, 13, 61
Let u(d) = 15*d + 56. Let v = 129 + -118. List the prime factors of u(v).
13, 17
Let s(k) be the third derivative of -13*k**4/8 - 23*k**2 + 4. Let b = -2 + -5. List the prime factors of s(b).
3, 7, 13
Let z = 113 - 111. Suppose 5*a = 2*x + 1073, z*x + 212 = a - x. What are the prime factors of a?
5, 43
Let a = 25857 + -16460. What are the prime factors of a?
9397
Suppose 79 = -5*b + 9. Let d be 132/77 + (-4)/b. Suppose -3*c - 4*r = -528, d*r = -2*r. What are the prime factors of c?
2, 11
Let l = 180 + -183. What are the prime factors of l + 6 + 2 + -10 + 13?
2
Suppose -104*u = 128*u - 1627163 - 3791893. What are the prime factors of u?
2, 3, 17, 229
Let k(a) = a**2 - a - 4. Let p be k(-4). Let j(f) = 20*f - 25. Let h(q) = -48*q + 51. Let t(x) = 2*h(x) + 5*j(x). What are the prime factors of t(p)?
41
Let x(d) = -646*d**3 - 9*d - 72. List the prime factors of x(-4).
2, 23, 449
What are the prime factors of (-2)/((-52)/39)*20/(-6) - -10206?
101
Let j(w) = -w**3 + 8*w**2 - 14*w - 30. Let p be j(10). Let d = 0 - p. List the prime factors of d.
2, 5, 37
Let v(m) = -15*m**3 - 8*m**2 + 3*m + 3. Suppose -14*i + 32 = 74. What are the prime factors of v(i)?
3, 109
Suppose 3*t + 288 = -4*r, 0 = 3*r + 5*t + 228 - 1. Let d = r - -68. List the prime factors of (224/(-6))/(d/3).
2, 7
Let u(w) = -4*w**2 + 17*w + 52. Let f be u(-3). What are the prime factors of (-23475)/f + (-4)/(-14)?
11, 61
Suppose -v - 25955 = -5*d, -2*v - 3925 = -2*d + 6457. List the prime factors of d.
29, 179
Let c = 16561 - -1133. List the prime factors of c.
2, 3, 983
Let y(u) = -23*u**2 - 3*u - 8. Let z be y(-4). Let j = z + -29. Let c = -171 - j. What are the prime factors of c?
2, 3, 37
Suppose -h = -5*t - 6*h + 4865, 0 = 3*t - 5*h - 2911. Suppose -4*a + a = 4*d - 580, -4*d + t = 5*a. What are the prime factors of a?
2, 7
Let m(s) = -58*s - 50. Let g be m(-6). Let x = g + -140. List the prime factors of 52/(-39) + (x/(-6))/(-1).
5
Let o(k) = -159*k + 1613. List the prime factors of o(-64).
11789
Suppose -3*g + 115 - 34 = 0. Let y = 143 - g. Let v = 175 - y. List the prime factors of v.
59
Suppose w = -5*i - 2, 8*w - 14 = 3*w - i. Suppose w*s + 7*s = -0*s. Suppose -5*c + 3*r = -430, 0 = -s*c + c - 5*r - 86. List the prime factors of c.
2, 43
Let k = 38 + -38. Suppose -1490 = -k*x - 10*x. List the prime factors of x.
149
Let l be ((-1120)/(-6))/(-7) - (-4)/6. Let m = 33 + l. Suppose 0 = -10*o + m*o + 243. What are the prime factors of o?
3
Suppose -6*h = 8*h - 6818. Suppose 0 = -4*x - 4, h = 3*f - 5*x + 7*x. What are the prime factors of f?
163
Let b(l) = -2*l**3 +